189830?
2, 5, 41, 463
What are the prime factors of 16957?
31, 547
What are the prime factors of 189329?
7, 17, 37, 43
List the prime factors of 10331032.
2, 1291379
What are the prime factors of 9410662?
2, 19, 247649
What are the prime factors of 2718085?
5, 543617
List the prime factors of 856548.
2, 3, 7, 11, 103
List the prime factors of 107371.
11, 43, 227
What are the prime factors of 1444599?
3, 13, 12347
What are the prime factors of 2165997?
3, 71, 10169
List the prime factors of 556019.
17, 32707
List the prime factors of 2245185.
3, 5, 16631
List the prime factors of 326610.
2, 3, 5, 19, 191
List the prime factors of 881255.
5, 337, 523
What are the prime factors of 173346?
2, 3, 167, 173
What are the prime factors of 22917767?
89, 257503
What are the prime factors of 225584?
2, 23, 613
What are the prime factors of 36998?
2, 13, 1423
What are the prime factors of 5857983?
3, 137, 4751
What are the prime factors of 2992758?
2, 3, 239, 2087
List the prime factors of 69850.
2, 5, 11, 127
List the prime factors of 34549.
34549
List the prime factors of 109943.
109943
List the prime factors of 19433916.
2, 3, 461, 1171
List the prime factors of 3387122.
2, 31, 54631
List the prime factors of 164190.
2, 3, 5, 13, 421
What are the prime factors of 2538365?
5, 507673
What are the prime factors of 1248459?
3, 416153
What are the prime factors of 30033311?
7, 11, 390043
What are the prime factors of 183796?
2, 45949
List the prime factors of 26004348.
2, 3, 47, 109
List the prime factors of 16755.
3, 5, 1117
What are the prime factors of 5230424?
2, 17, 38459
What are the prime factors of 26758307?
26758307
What are the prime factors of 342142?
2, 17, 29, 347
What are the prime factors of 177001?
11, 16091
List the prime factors of 92351.
7, 79, 167
What are the prime factors of 76559?
7, 10937
List the prime factors of 4485085.
5, 11, 81547
What are the prime factors of 1266049?
43, 29443
What are the prime factors of 9028050?
2, 3, 5, 139, 433
What are the prime factors of 46692?
2, 3, 1297
List the prime factors of 97700.
2, 5, 977
List the prime factors of 2802603.
3, 17, 179, 307
List the prime factors of 7637744.
2, 477359
What are the prime factors of 2566169?
73, 35153
What are the prime factors of 29935419?
3, 17, 607, 967
List the prime factors of 2884309.
41, 103, 683
What are the prime factors of 1451206?
2, 725603
List the prime factors of 7075113.
3, 2358371
What are the prime factors of 8070659?
8070659
What are the prime factors of 3512752?
2, 219547
List the prime factors of 323580.
2, 3, 5, 5393
List the prime factors of 3618042.
2, 3, 17, 79, 449
List the prime factors of 1472405.
5, 11, 19, 1409
What are the prime factors of 23619?
3, 7873
What are the prime factors of 800126?
2, 229, 1747
List the prime factors of 820168.
2, 157, 653
What are the prime factors of 773659?
773659
What are the prime factors of 28979698?
2, 11, 1317259
List the prime factors of 217388.
2, 54347
List the prime factors of 3449482.
2, 1724741
List the prime factors of 343883.
31, 11093
What are the prime factors of 3604642?
2, 19, 29, 3271
What are the prime factors of 295425?
3, 5, 13, 101
What are the prime factors of 2349660?
2, 3, 5, 39161
What are the prime factors of 72879?
3, 17, 1429
List the prime factors of 3098249.
7, 11, 40237
List the prime factors of 33199416.
2, 3, 153701
What are the prime factors of 45244?
2, 11311
What are the prime factors of 120857?
11, 10987
What are the prime factors of 18314582?
2, 11, 13, 64037
What are the prime factors of 3893487?
3, 13, 99833
List the prime factors of 4003781.
4003781
What are the prime factors of 7159763?
13, 257, 2143
What are the prime factors of 2493527?
43, 103, 563
List the prime factors of 258702.
2, 3, 43117
What are the prime factors of 1652516?
2, 413129
List the prime factors of 52899.
3, 7, 11, 229
List the prime factors of 6182296.
2, 19, 89, 457
What are the prime factors of 1214213?
7, 11, 13, 1213
List the prime factors of 32681132.
2, 11, 67523
List the prime factors of 262553.
262553
List the prime factors of 1492.
2, 373
What are the prime factors of 4103635?
5, 191, 4297
What are the prime factors of 274825?
5, 10993
List the prime factors of 781742.
2, 13, 107, 281
List the prime factors of 147106.
2, 73553
What are the prime factors of 2471940?
2, 3, 5, 31, 443
List the prime factors of 3125407.
59, 52973
What are the prime factors of 9760475?
5, 390419
List the prime factors of 1652968.
2, 367, 563
List the prime factors of 218264.
2, 27283
List the prime factors of 303929.
491, 619
List the prime factors of 7619621.
17, 397, 1129
List the prime factors of 299202.
2, 3, 47, 1061
What are the prime factors of 3000563?
59, 50857
What are the prime factors of 310089?
3, 13, 7951
What are the prime factors of 480963?
3, 7, 37, 619
List the prime factors of 5977140.
2, 3, 5, 13, 79, 97
List the prime factors of 154751.
17, 9103
What are the prime factors of 6688298?
2, 79, 42331
List the prime factors of 258614.
2, 191, 677
What are the prime factors of 1080614?
2, 540307
List the prime factors of 20836350.
2, 3, 5, 19, 2437
What are the prime factors of 1143395?
5, 11, 20789
What are the prime factors of 103740?
2, 3, 5, 7, 13, 19
What are the prime factors of 403404?
2, 3, 33617
What are the prime factors of 397093?
397093
List the prime factors of 1554512.
2, 97157
What are the prime factors of 7721669?
109, 70841
What are the prime factors of 667975?
5, 7, 11, 347
List the prime factors of 2222817.
3, 740939
List the prime factors of 3644129.
3644129
What are the prime factors of 20034107?
20034107
What are the prime factors of 3068756?
2, 419, 1831
What are the prime factors of 6092210?
2, 5, 609221
What are the prime factors of 5137?
11, 467
What are the prime factors of 218145?
3, 5, 14543
What are the prime factors of 2583090?
2, 3, 5, 1063
List the prime factors of 508093.
23, 22091
What are the prime factors of 14297886?
2, 3, 794327
What are the prime factors of 118797?
3, 7, 5657
What are the prime factors of 1032344?
2, 43, 3001
What are the prime factors of 5833884?
2, 3, 7, 199, 349
List the prime factors of 10360907.
10360907
What are the prime factors of 2333363?
109, 21407
What are the prime factors of 412819?
11, 37529
List the prime factors of 2061450.
2, 3, 5, 509
What are the prime factors of 151996?
2, 13, 37, 79
List the prime factors of 9789799.
349, 28051
What are the prime factors of 585706?
2, 11, 79, 337
What are the prime factors of 3209770?
2, 5, 17, 79, 239
What are the prime factors of 148105?
5, 19, 1559
What are the prime factors of 3212343?
3, 356927
What are the prime factors of 2164009?
29, 71, 1051
What are the prime factors of 4675975?
5, 359, 521
List the prime factors of 778587.
3, 109, 2381
List the prime factors of 2155616.
2, 31, 41, 53
List the prime factors of 27737775.
3, 5, 13, 29, 109
What are the prime factors of 230377?
7, 32911
List the prime factors of 367096.
2, 45887
List the prime factors of 6348101.
6348101
List the prime factors of 844982.
2, 647, 653
What are the prime factors of 140350?
2, 5, 7, 401
List the prime factors of 348527.
348527
List the prime factors of 552378.
2, 3, 43, 2141
What are the prime factors of 44615?
5, 8923
List the prime factors of 28394224.
2, 1774639
What are the prime factors of 262448?
2, 47, 349
List the prime factors of 2470538.
2, 7, 176467
List the prime factors of 374302.
2, 23, 79, 103
What are the prime factors of 3528026?
2, 1764013
List the prime factors of 69011.
69011
List the prime factors of 794135.
5, 71, 2237
What are the prime factors of 26874742?
2, 43, 137, 2281
List the prime factors of 417635.
5, 101, 827
What are the prime factors of 21353901?
3, 7117967
List the prime factors of 2180969.
7, 311567
List the prime factors of 123735.
3, 5, 73, 113
List the prime factors of 261241.
261241
List the prime factors of 1960173.
3, 19, 3821
List the prime factors of 3115786.
2, 73, 21341
List the prime factors of 3081959.
3081959
What are the prime factors of 168836?
2, 42209
List the prime factors of 94011.
3, 31337
List the prime factors of 1718055.
3, 5, 73, 523
What are the prime factors of 71305?
5, 13, 1097
List the prime factors of 1601055.
3, 5, 47, 75